+ 54, z + q = 4*v. Calculate the remainder when 21 is divided by v.
10
Suppose -2*f - 3*f - 56 = -3*w, 4*w - 40 = -2*f. Let z = 13 - -5. Let g = 40 - z. What is the remainder when g is divided by w?
10
Let h(q) = q**2 - 3*q + 8. Suppose 7 = -4*x - 1. Let s = 7 - x. What is the remainder when h(6) is divided by s?
8
Let s(g) = -2*g**2 - 17*g + 1. What is the remainder when 80 is divided by s(-7)?
14
Suppose -6*q + q = -75. Let b be 6/10 + 854/10. What is the remainder when b/6*(6 - 3) is divided by q?
13
Suppose 0 = -2*a + 10 + 6. Let r be 4/(-5)*(-100)/a. Suppose -s - o + 10 = -5, -5*o = r. What is the remainder when s is divided by 6?
5
Let q = 26 - 16. Suppose 0 = -0*u - 5*u + q. Suppose -u*l = -18 - 2. What is the remainder when 19 is divided by l?
9
Let l = -286 - -414. Suppose -3*b - l = -7*b. Let y(p) = 12*p**2 + 2*p + 1. Calculate the remainder when b is divided by y(-1).
10
Suppose -2*l - s + 4 = 1, -l - 4*s - 9 = 0. Suppose -4*t = 3*g - 79, l = -2*t + 4*g + 15. Suppose 93 = 2*i + i. Calculate the remainder when i is divided by t.
15
Let h = 4 + 18. Suppose -23 - h = -5*i. Suppose -3*v + 34 = -v. Calculate the remainder when v is divided by i.
8
Suppose -45 = -l - 18. Suppose 0 = -3*y + 33 + l. Let j = y - 13. What is the remainder when j is divided by 4?
3
Suppose -3*z + 36 = z. Let t = 13 - -13. What is the remainder when t is divided by z?
8
Let y be 144/3*(-2)/3. Let l = -19 - y. What is the remainder when 25 is divided by l?
12
Suppose -3*s = 2*s - 900. Let z = s + -74. Calculate the remainder when z is divided by 27.
25
Let z(w) = -w**3 + w**2. Let s(n) = 3*n**3 - 7*n**2 - 7. Let p(x) = s(x) + 2*z(x). Let v = -14 + 24. Calculate the remainder when p(6) is divided by v.
9
Let x = 4 - -1. Let j = -2 + x. What is the remainder when 3 is divided by j?
0
Let h be (-8)/3*(-3)/2. Suppose 4*c = 3*c - 5*p - 21, -5*c = 2*p - 10. Suppose h*x - c = -0. Calculate the remainder when x is divided by 1.
0
What is the remainder when 57 is divided by 0/((-3)/(-1)) + 10?
7
Let v = 31 - 26. Suppose v*x = -2*x + 581. Calculate the remainder when x is divided by 28.
27
Suppose -3*d + 79 = -155. Calculate the remainder when d is divided by 20.
18
Suppose -y + 45 = 4*y. Calculate the remainder when 33 is divided by y.
6
Suppose -18 - 24 = -7*x. Calculate the remainder when x is divided by 4.
2
Suppose -4*w + 87 = -37. What is the remainder when w is divided by 11?
9
Let u = -6 - -14. Calculate the remainder when 13 is divided by u.
5
Suppose u = -0*u - t, 3*t + 3 = -2*u. Suppose -u*r + 40 = r. What is the remainder when 29 is divided by r?
9
Suppose 2*n = -r + 11, -5*n + 14 + 6 = -5*r. Suppose 2*z = -0*b + 4*b - 62, -4*b - 4*z = -44. What is the remainder when b is divided by n?
4
Suppose o + 70 = 3*o. Calculate the remainder when 137 is divided by o.
32
Suppose 0 = -2*s + 7*s + 3*u - 71, -3*s = 3*u - 45. Calculate the remainder when (-4)/5*1900/(-40) is divided by s.
12
Suppose -o + 9 - 21 = 0. Let h be (o/14)/((-5)/420). Suppose 7*c - 5*c - h = 0. What is the remainder when c is divided by 19?
17
Calculate the remainder when ((-16)/6)/((-4)/78) is divided by 29.
23
Suppose -10 - 47 = -4*u - 3*k, u - k = 23. Suppose -583 = -9*s - 2*s. Calculate the remainder when s is divided by u.
17
Calculate the remainder when 134/4*2 - (-30)/30 is divided by 18.
14
Let t(x) = x**3 + 1. Let l(v) = v**3 + 8*v**2 + 7*v + 2. Let y be l(-7). Calculate the remainder when t(y) is divided by 5.
4
Suppose 8 = 2*y + m, 0 = m - 4. What is the remainder when -2 - ((-189)/36 - (-1)/4) is divided by y?
1
Let a be (1 + -1)*1/2. Suppose a = 5*q - 0*q - 105. Calculate the remainder when 82 is divided by q.
19
Let q = 207 - 107. Calculate the remainder when q is divided by 34.
32
Suppose 0*d + 11*d = 374. What is the remainder when 237 is divided by d?
33
Let x(o) = -o**3 - 5*o**2 - 3*o - 5. What is the remainder when 19 is divided by x(-5)?
9
Suppose -3*c - 4*w = -32, -5*c - 6*w + 42 = -5*w. What is the remainder when 29 is divided by c?
5
Suppose -5*p - 3*g + 37 = 0, 4*p - p + 2*g = 22. What is the remainder when p is divided by 4?
0
Let t = -6 + 11. Let s(r) be the first derivative of -r**4/4 + 7*r**3/3 - 3*r**2 - r + 1. What is the remainder when 36 is divided by s(t)?
17
Let m = 42 + -25. Calculate the remainder when m is divided by 9.
8
Let s = -5 - -64. Calculate the remainder when s is divided by 15.
14
Let c be (-6)/(-9)*-3 - -10. Suppose 0 = -2*o - 2 + c. Let j(d) = d + 1. What is the remainder when j(o) is divided by 3?
1
Let l = -148 + 64. Let q = l + 159. Calculate the remainder when q is divided by 13.
10
Let z = -1 - 6. Let l = z - -11. Suppose 2*y - 2*r = 58, -r + 37 + 79 = l*y. What is the remainder when y is divided by 15?
14
Let t be (-2 - 14/(-6))*42. Let f = t + -9. Calculate the remainder when f is divided by 2.
1
Suppose 0 = 2*o + 3*o + 5. What is the remainder when (18/(-63))/(o/14) is divided by 3?
1
Suppose 27 = 4*u + 3. Let j(l) = 2*l**2 - 7*l - 7. Calculate the remainder when j(u) is divided by 8.
7
Suppose -2 - 20 = -2*u + 4*w, 0 = 5*w. Suppose 9 = 3*a - 0. Suppose 0 = 3*f - o - 0*o - 20, a*o + 18 = 3*f. What is the remainder when u is divided by f?
4
Let y = 28 + -15. Let x(c) = -c - 5. Let n be x(-6). What is the remainder when n/(14/y - 1) is divided by 7?
6
Let f = -11 + 35. Let q be 2 + -1 + -10 + 0. Calculate the remainder when f is divided by (-119)/q + 2/(-9).
11
Calculate the remainder when 108 is divided by 148/(-10)*15/(-6).
34
Let o = -55 + 81. Calculate the remainder when 76 is divided by o.
24
Let z = -56 + 66. What is the remainder when 39 is divided by z?
9
Suppose 0 = -l + 5, -a = -0*a - 2*l. Calculate the remainder when 8/10*(-135)/(-6) is divided by a.
8
Let k be (2 + -2)/((-9)/(-3)). Suppose -4 + k = -w. What is the remainder when (-1)/2*-2 - -13 is divided by w?
2
Let q(f) = -f**3 - 4*f**2 + 4*f. Let h be q(-5). Suppose 71 = -h*v + 321. Suppose v = -3*d + 8*d. What is the remainder when 17 is divided by d?
7
Let h be 170/(-1 + 0)*-1. Suppose -h = -3*m - 2*m. What is the remainder when m is divided by 12?
10
Suppose -23*v - 138 = -29*v. Let k(j) = -j**3 - 3*j**2 + 8*j + 3. What is the remainder when v is divided by k(-5)?
10
Suppose -4*u + 97 + 51 = 0. Let q = 42 - 23. What is the remainder when u is divided by q?
18
Suppose 0 = 3*u + 5*k - 64, 3*u - 72 = 3*k - 0*k. Calculate the remainder when 67 is divided by u.
21
Let m be (-34)/(-8) + 3/(-12). Suppose m*y - y = 12. Suppose r = -3*r + 40. What is the remainder when r is divided by y?
2
Suppose 0 = -5*y - n - 92, -5*n = -6*y + 5*y - 8. Let k = 29 + y. Calculate the remainder when 20 is divided by k.
9
Let c = 22 + -19. What is the remainder when 19 is divided by c?
1
Suppose 0 = 5*v - 2*l - 25, -14 - 8 = -4*v + 2*l. What is the remainder when 11 is divided by v?
2
Suppose -15*a + 195 = -12*a. What is the remainder when a is divided by 35?
30
Calculate the remainder when (-1 + 0 - -6) + -4 is divided by 1.
0
Suppose 1 - 11 = -2*y. Suppose -3*z = l - 18, -z - 3*l = -2*z + 6. Suppose z + 22 = 2*d - 2*a, -3*a + 23 = 2*d. Calculate the remainder when d is divided by y.
3
Suppose 86 = 3*x + 2. Calculate the remainder when x is divided by 15.
13
Suppose 5*c + 26 - 61 = 0. Let r = -13 - -18. Suppose -i + 4 = 4*y - 2*y, 0 = -r*y - 2*i + 12. What is the remainder when c is divided by y?
3
Suppose -32 - 4 = u. Let w = u + 53. Calculate the remainder when w is divided by 10.
7
Let j(m) = m**2 - 12*m - 15. What is the remainder when 37 is divided by j(14)?
11
Let h be ((-81)/(-2))/(2/4). Suppose -2*q = -3*g - 101, 106 = -3*q + 5*q - 2*g. Let a = h - q. What is the remainder when a is divided by 12?
11
Let z(x) = -11*x + 2. Suppose -4 = -3*r - 10. Let h be z(r). Suppose w - 2*w = -2*v - h, 2*w + 4*v = 80. Calculate the remainder when w is divided by 11.
10
Let o(v) = -v**2 + 4*v + 1. Let f be o(4). Let b = f + 1. Let n(l) = -l - 3. What is the remainder when b is divided by n(-5)?
0
Let j(f) = -f**3 + 8*f**2 - 7*f. What is the remainder when j(6) is divided by (44/(-6))/((-22)/33)?
8
Let g(m) = m**3 + 6*m**2 - 10*m + 1. Let j be g(-7). Suppose -2*r + 88 = -j. Let f = 35 + -16. Calculate the remainder when r is divided by f.
17
Let i(o) = o**2 - 4*o + 2. Let h be i(4). Suppose -h*p = -3 - 23.